 to base 5.
-4031214
Convert -62024 (base 13) to base 9.
-287122
What is -110202330 (base 4) in base 16?
-148bc
Convert -140565 (base 9) to base 4.
-110323331
-1112020 (base 5) to base 8
-46263
Convert -274775 (base 10) to base 5.
-32243100
What is -1042066 (base 11) in base 6?
-103141243
Convert be6e8 (base 16) to base 2.
10111110011011101000
What is 21356205 (base 7) in base 14?
35893c
-10201b4 (base 15) to base 3
-210121212102121
Convert 151540510 (base 6) to base 3.
12222001200220
What is 87462 (base 9) in base 5?
3323341
What is -6a1a70 (base 12) in base 15?
-239b89
Convert -1471866 (base 9) to base 16.
-c6f99
Convert -10262a (base 11) to base 5.
-20230341
-1377150 (base 12) to base 15
-51c88c
What is 103321422 (base 5) in base 14?
b957c
Convert -157331 (base 12) to base 5.
-43140302
-135339 (base 14) to base 8
-2427447
What is -1001102111222021 (base 3) in base 7?
-242256604
277045 (base 9) to base 16
294d1
What is -1034402 (base 5) in base 4?
-10122312
551cb (base 16) to base 9
581184
What is -136002 (base 11) in base 16?
-33fe2
Convert -553022433 (base 6) to base 13.
-20a09cc
Convert -1a46 (base 11) to base 14.
-d31
What is 2968995 (base 10) in base 14?
573dd1
What is 226a0b (base 16) in base 13?
60c751
Convert 20056064 (base 7) to base 9.
3111652
What is 542438 (base 14) in base 2?
1010110111100101010010
Convert 621134 (base 8) to base 14.
54bda
What is -455710 (base 9) in base 15?
-55e4c
What is -270557 (base 9) in base 7?
-1253353
What is -101424 (base 13) in base 14?
-9a524
What is -d152c (base 14) in base 16?
-7ad84
Convert -ae701 (base 16) to base 2.
-10101110011100000001
Convert 141421343 (base 6) to base 9.
5368630
13322465 (base 8) to base 14
57c245
4d466 (base 14) to base 15
3b55a
500379 (base 10) to base 2
1111010001010011011
What is 259da (base 14) in base 7?
533463
255444 (base 8) to base 3
11111220102
4440422242 (base 5) to base 14
14077b6
Convert 3000435 (base 7) to base 15.
6e999
What is 1504102 (base 9) in base 2?
11001010100011110101
What is -2022334 (base 5) in base 14?
-bd80
-21761612 (base 9) to base 12
-364a102
Convert 4d369 (base 16) to base 9.
531745
Convert -c89ee7 (base 16) to base 5.
-11331213004
25b4c68 (base 13) to base 15
108baa6
-30012203210 (base 4) to base 12
-108bb98
Convert -2271150 (base 8) to base 3.
-1011110021002
What is 221411334 (base 5) in base 13?
27ab9a
-2678c (base 13) to base 3
-10122012222
-112000333 (base 4) to base 5
-10341200
What is 1634b23 (base 13) in base 2?
11011010001110101001110
-2b217 (base 13) to base 14
-21a7d
-833756 (base 10) to base 13
-232661
-10130101 (base 5) to base 3
-11020001200
Convert 10110000101110111111011 (base 2) to base 8.
26056773
-21c37c (base 16) to base 4
-20130031330
Convert -1101011011100011000 (base 2) to base 12.
-192820
1646533 (base 7) to base 12
b141a
Convert a69325 (base 15) to base 9.
15823868
-1312003032 (base 4) to base 10
-483534
What is -13e122 (base 15) in base 7?
-11102132
222120122212102 (base 3) to base 8
65705250
Convert -43342010 (base 7) to base 12.
-12a98a5
Convert 24804a (base 11) to base 2.
1011111100011001000
What is 19bac4 (base 15) in base 5?
310121214
-758250 (base 11) to base 10
-1211507
153494 (base 15) to base 7
11462305
What is -10110100000010101 (base 2) in base 10?
-92181
-10121002220 (base 3) to base 16
-11487
Convert -35143462 (base 7) to base 3.
-12210210221211
-13321132322 (base 5) to base 16
-1030107
What is 2aa2a (base 15) in base 9?
228284
3121230321 (base 4) to base 5
212013310
Convert -10200201200 (base 3) to base 11.
-4a693
What is -204173 (base 8) in base 11?
-46962
-2542651 (base 12) to base 11
-4139213
-50228 (base 9) to base 13
-1202c
What is -220001000212 (base 3) in base 11?
-2a3531
4195b (base 16) to base 3
111122111110
What is 21682 (base 9) in base 2?
11100001001011
93b1a (base 16) to base 9
1121751
What is -1101101101101111 (base 2) in base 4?
-31231233
Convert 116383 (base 11) to base 9.
310521
100111001011100001110110 (base 2) to base 5
10112131323
-4b5022 (base 13) to base 2
-110111001111110110100
What is -21062026 (base 7) in base 4?
-12302202013
What is 335136b (base 12) in base 9?
20412262
32135 (base 13) to base 7
524144
What is -1042428 (base 9) in base 12?
-22b945
What is -1533232 (base 9) in base 5?
-204124442
Convert -6061a0 (base 13) to base 7.
-25023140
Convert -2331100213 (base 4) to base 12.
-314747
356a9 (base 11) to base 14
14a51
303100 (base 8) to base 16
18640
-388a4 (base 11) to base 5
-3240103
What is -6e8466 (base 15) in base 8?
-24141704
What is 12331b (base 12) in base 9?
500855
Convert 1331380 (base 12) to base 9.
7126376
-313031020 (base 5) to base 13
-366293
What is 262a88 (base 16) in base 10?
2501256
Convert -a05005 (base 11) to base 15.
-21e265
-2551025 (base 7) to base 8
-1207664
What is 339ca (base 13) in base 4?
112330021
What is 6d1a4 (base 16) in base 12?
196744
What is -141220632 (base 7) in base 13?
-1ba8696
What is -2021012 (base 4) in base 10?
-8774
251968 (base 13) to base 10
889195
Convert -450223 (base 7) to base 16.
-135f4
What is -212a5b7 (base 14) in base 10?
-15702309
What is -202138 (base 14) in base 6?
-35102222
164a1c (base 13) to base 11
348665
101111001001 (base 4) to base 15
5eae04
What is -8b0e72 (base 15) in base 6?
-354114112
What is -125420500 (base 6) in base 16?
-263f94
3442404 (base 5) to base 14
1896d
-4dbb (base 16) to base 3
-1000022000
63613a (base 13) to base 11
134a210
Convert -121202100001101 (base 3) to base 16.
-87da92
What is 279949 (base 12) in base 11?
410727
Convert -300550333 (base 6) to base 14.
-964c6d
What is -11111312030 (base 4) in base 10?
-1400204
-481c2 (base 13) to base 7
-1060161
Convert 69feb1 (base 16) to base 14.
ccb733
What is 385203 (base 13) in base 10?
1353693
6104807 (base 10) to base 11
349a6a5
Convert -6a71a (base 14) to base 13.
-91068
Convert 131221010333 (base 4) to base 11.
4428049
What is -88568 (base 10) in base 16?
-159f8
Convert 2418e (base 16) to base 9.
244732
What is -1000001110011001110111 (base 2) in base 16?
-20e677
Convert -1355312 (base 7) to base 14.
-4a442
-1002661 (base 7) to base 9
-200707
-101112120210210 (base 3) to base 11
-3186539
What is -13443002 (base 5) in base 12?
-692a1
-485697 (base 10) to base 14
-c9009
-1702a47 (base 14) to base 2
-101011000111001110110111
What is 214ac0b (base 14) in base 13?
33668c1
Convert 121212220010 (base 3) to base 11.
207773
100010000111001011010101 (base 2) to base 12
2bb2b31
-11160010 (base 8) to base 13
-667c90
What is -202313 (base 11) in base 16?
-4f615
What is -b5a3 (base 14) in base 10?
-31307
Convert 122202011122 (base 3) to base 5.
42134231
121c9 (base 13) to base 6
414041
Convert b8c5eb (base 15) to base 3.
121120002021212
What is -4440772 (base 9) in base 6?
-123111232
Convert 154110512 (base 6) to base 2.
1100011111100110101100
76677534 (base 8) to base 3
1011000101020122
What is 420762 (base 8) in base 16?
221f2
-360a6c (base 13) to base 3
-2102101110121
77214 (base 9) to base 11
35520
Convert 5b704 (base 13) to base 7.
1300155
-4167 (base 15) to base 6
-143554
What is -33322221 (base 4) in base 14?
-19a89
Convert -110100001111 (base 2) to base 4.
-310033
5603646 (base 7) to base 15
d9899
What is 2122102222221 (base 3) in base 9?
2572887
Convert 134390 (base 11) to base 3.
101201002221
What is a90074 (base 14) in base 9?
11683865
173461 (base 14) to base 6
25253005
12639242 (base 10) to base 14
19701d0
What is -14430421 (base 5) in base 15?
-30e5b
340005140 (base 6) to base 16
5dfd74
What is -36e1dc (base 15) in base 12?
-a69899
-1024005 (base 7) to base 10
-123828
Convert -2041320033 (base 5) to base 9.
-7880056
2503435 (base 6) to base 3
20202110012
What is -1348201 (base 9) in base 5?
-142201302
3143346 (base 7) to base 4
1130322120
What is 1110002211 (base 3) in base 11?
1a466
199353 (base 11) to base 12
128770
-167447 (base 11) to base 2
-111111001010111101
-6d080 (base 15) to base 7
-2645556
Convert -79528 (base 10) to base 11.
-54829
Convert -313003110 (base 5) to base 11.
-806736
What is -ae7780 (base 16) in base 13?
-24a43c5
2002122122112 (base 3) to base 9
2078575
What is -11001001001110001 (base 2) in base 5?
-11244100
Convert 11477133 (base 10) to base 12.
3a15a39
What is -243a18 (base 13) in base 16?
-d336c
What is -1111221202